 - 19*s + 50. What is a(-10)?
40
Let r(y) = -60*y + 3715. Determine r(62).
-5
Let o(j) = -14*j**3 + j**2 + 3*j - 6. Give o(-2).
104
Let f(p) = -261*p + 12273. Determine f(47).
6
Let k(s) = s**2 - 11*s + 43. Calculate k(10).
33
Let g(z) = 30*z**3 - 16*z**2 - 17*z - 2. Determine g(-1).
-31
Let n(g) = -12440*g - 49728. Determine n(-4).
32
Let s(p) = -12*p + 68. Calculate s(6).
-4
Let o(z) = -4*z**2 - 23*z + 172. What is o(5)?
-43
Let p(w) = w**3 + 29*w**2 + 100*w - 12. Determine p(-25).
-12
Let n(r) = r**2 - 10*r + 368. What is n(22)?
632
Let r(m) = -2*m**2 - 12*m + 10. Calculate r(-7).
-4
Let h(v) = -612*v - 10403. What is h(-17)?
1
Let u(n) = n + 339. What is u(-31)?
308
Let q(a) = a**3 - 28*a**2 - 3*a - 29. What is q(28)?
-113
Let n(g) = -20*g**2 + 47*g - 93. Calculate n(2).
-79
Let m(w) = 725*w - 25397. Give m(35).
-22
Let b(p) = p**3 - 20*p**2 - 8*p + 169. Calculate b(20).
9
Let t(d) = -d**2 + 18*d + 65. Determine t(-4).
-23
Let t(i) = -2*i**2 + 327*i + 1321. What is t(-4)?
-19
Let j(z) = z**2 + 33*z - 580. Give j(-48).
140
Let n(w) = w**3 - 14*w**2 + 60*w + 14. Determine n(9).
149
Let w(n) = -712*n + 4312. Calculate w(6).
40
Let a(z) = z - 12. Calculate a(-12).
-24
Let b(k) = k**3 + 35*k**2 + 11*k + 1697. What is b(-36)?
5
Let q(w) = 12*w**3 + 41*w**2 - 16*w + 44. Determine q(-4).
-4
Let n(f) = -3*f**2 - 2461*f + 14815. Determine n(6).
-59
Let b(g) = 120*g**2 + 597*g - 6. Give b(-5).
9
Let y(r) = -r**2 - 24*r - 104. What is y(-18)?
4
Let x(y) = -15*y - 1038. Give x(-69).
-3
Let g(a) = -40*a + 299. What is g(9)?
-61
Let b(w) = 282*w**2 + 48506*w + 347. Give b(-172).
3
Let h(o) = -66*o - 176. Determine h(-5).
154
Let k(d) = -2*d**3 + 170*d**2 - 170*d + 177. Determine k(84).
9
Let x(w) = -w**3 - 36*w**2 + 118*w + 29. What is x(-39)?
-10
Let d(a) = 9*a**3 + 375*a**2 - 124*a + 70. Calculate d(-42).
-14
Let t(o) = o**3 - 11*o**2 + 2*o + 144. Give t(0).
144
Let u(j) = j**3 + 2*j**2 - 25*j - 68. Give u(-3).
-2
Let c(q) = 15*q + 404. Determine c(-27).
-1
Let b(k) = 3*k**2 - 31*k - 74. Determine b(13).
30
Let f(l) = 93*l + 5578. Determine f(-60).
-2
Let t(x) = -2*x**3 - 78*x**2 - x - 28. Give t(-39).
11
Let b(g) = -47*g - 370. Give b(-21).
617
Let d(i) = 36*i + 100. What is d(-8)?
-188
Let b(z) = z**2 + 173*z + 6879. Calculate b(-111).
-3
Let l(f) = 7*f + 240. What is l(-33)?
9
Let p(a) = -23*a - 1876. What is p(-80)?
-36
Let p(f) = -12*f - 101. Calculate p(-10).
19
Let q(v) = 2*v**3 + 17*v**2 + 13*v + 30. Determine q(-8).
-10
Let b(g) = 2*g**2 + 75*g + 458. Determine b(-7).
31
Let l(q) = -2302*q + 62149. Determine l(27).
-5
Let n(w) = -w**2 + 14*w - 61. Give n(5).
-16
Let z(c) = 25*c - 136. Give z(18).
314
Let c(z) = -75*z - 153. Give c(-6).
297
Let b(a) = 30*a - 84. Determine b(10).
216
Let u(v) = -v**3 - v**2 - 9*v + 11. Determine u(0).
11
Let r(l) = 2*l**2 - 6*l + 8. Calculate r(4).
16
Let r(m) = -1264*m + 7558. What is r(6)?
-26
Let m(k) = 287*k - 27. What is m(1)?
260
Let i(a) = 1598*a + 28767. What is i(-18)?
3
Let z(b) = 2*b**2 - 128*b - 93. Determine z(63).
-219
Let v(x) = x**3 - 14*x**2 - 60*x - 16. What is v(19)?
649
Let x(u) = -u**3 - 9*u**2 + 46*u + 322. Give x(-5).
-8
Let k(n) = -89*n + 7486. Determine k(84).
10
Let a(f) = 520*f - 534. What is a(1)?
-14
Let r(d) = -10*d**2 + 159*d - 542. Calculate r(5).
3
Let s(n) = -n**2 + 12*n + 1552. Determine s(-34).
-12
Let f(l) = l**2 - 23*l - 63. Calculate f(26).
15
Let z(i) = i**2 + 14*i - 57. Determine z(3).
-6
Let v(l) = l**3 - 209*l**2 + 8757*l + 137. Determine v(151).
-14
Let i(n) = 2205*n - 30867. Calculate i(14).
3
Let v(p) = -p**3 + 47*p**2 + 98*p - 50. What is v(49)?
-50
Let o(i) = i**2 + 77*i + 165. Give o(-75).
15
Let d(a) = a**2 + 12*a - 12. Determine d(-12).
-12
Let j(s) = -s**3 + 7*s**2 + 58*s - 1. Calculate j(12).
-25
Let c(p) = -2*p**2 + 128*p - 309. Calculate c(64).
-309
Let j(v) = 7*v**3 + 27*v**2 + 17*v - 1. Calculate j(-3).
2
Let b(d) = 57*d**3 - 7*d**2 - 9*d - 2. What is b(-1)?
-57
Let t(r) = r**3 + 213*r**2 - 1090*r + 42. Determine t(-218).
42
Let k(w) = -w + 59. Determine k(-32).
91
Let k(j) = 75*j + 5519. Calculate k(-73).
44
Let h(i) = 47*i**3 + i**2 - 17*i + 41. Give h(2).
387
Let m(i) = -126*i + 7053. Calculate m(56).
-3
Let h(n) = -n**3 + 5*n**2 - 11*n + 6. Give h(4).
-22
Let d(c) = -c**3 + 32*c**2 - 37*c + 25. Calculate d(31).
-161
Let k(r) = -16*r + 1884. What is k(116)?
28
Let i(v) = v**3 - 24*v**2 - 6*v - 445. Calculate i(25).
30
Let j(g) = g**3 - 5*g**2 + 6*g - 6. Calculate j(5).
24
Let a(j) = -3*j**2 + 38*j - 132. Give a(9).
-33
Let l(x) = -7*x + 436. Determine l(35).
191
Let y(w) = 4*w**2 - 169*w - 143. Give y(43).
-14
Let z(q) = -1301*q - 3895. Determine z(-3).
8
Let o(x) = 1859*x - 3703. Calculate o(2).
15
Let n(q) = -q**2 - 60*q + 86. What is n(-62)?
-38
Let q(s) = -s**3 + 19*s**2 + 40*s + 25. Calculate q(21).
-17
Let r(t) = 2*t**2 - 431*t + 3370. Determine r(8).
50
Let z(q) = -q**2 + 13*q - 24. Give z(0).
-24
Let s(q) = 400*q - 23205. Give s(58).
-5
Let m(w) = -1398*w + 75478. Give m(54).
-14
Let g(l) = -2314*l + 6939. Calculate g(3).
-3
Let v(w) = -6*w**2 - 141*w + 142. Determine v(1).
-5
Let j(p) = 518*p - 3646. Determine j(7).
-20
Let n(o) = o**2 - 38*o - 498. Calculate n(47).
-75
Let s(x) = -x**3 - x**2 + 43*x + 12. What is s(6)?
18
Let y(m) = -2*m**3 - 10*m - 6. Calculate y(-3).
78
Let i(u) = -u**2 - 34*u + 435. What is i(10)?
-5
Let x(l) = -3*l**3 + 4*l**2 - 4*l - 14. Determine x(-2).
34
Let q(r) = 173*r - 1082. Give q(6).
-44
Let r(c) = 117*c + 1344. Calculate r(-14).
-294
Let k(v) = -87*v - 637. Give k(-8).
59
Let t(v) = -31*v**2 - 163*v + 143. Determine t(-6).
5
Let x(b) = -14*b**2 + 40*b + 12. Give x(4).
-52
Let q(y) = -178*y**3 + y**2 - 8*y - 10. Determine q(-1).
177
Let y(v) = -2*v**3 + 40*v**2 - 33*v - 584. What is y(5)?
1
Let b(p) = -47*p + 1715. Calculate b(36).
23
Let f(b) = 260*b + 598. What is f(-2)?
78
Let y(a) = 21*a + 903. Calculate y(-41).
42
Let t(i) = -2*i**3 + 20*i**2 + 27*i - 40. Give t(11).
15
Let q(c) = -3*c - 72. What is q(7)?
-93
Let l(h) = -h**3 - 6*h**2 + 51*h + 8. Calculate l(-10).
-102
Let i(q) = -q**3 - 22*q**2 + 13*q + 312. Calculate i(-22).
26
Let j(x) = x**2 + 36*x + 132. Calculate j(-5).
-23
Let f(r) = r**3 - 8*r**2 + 36*r - 152. Determine f(6).
-8
Let g(p) = -13*p**2 + 28*p + 115. What is g(-4)?
-205
Let l(y) = -158*y - 57. Give l(0).
-57
Let r(g) = 8*g + 567. Calculate r(-83).
-97
Let x(b) = -22*b**2 + 187*b + 8. What is x(8)?
96
Let c(a) = 14*a + 923. What is c(-60)?
83
Let x(k) = -88*k + 165. Calculate x(2).
-11
Let p(l) = 2*l**3 + 55*l**2 + 21*l - 151. Calculate p(-27).
11
Let z(h) = -208*h + 79. Give z(0).
79
Let s(h) = 4*h**3 - 29*h**2 + 23*h - 66. Calculate s(7).
46
Let s(t) = -3*t**2 + 1092*t + 5463. Determine s(-5).
-72
Let x(z) = z**3 + 25*z**2 + 29*z - 210. Give x(-23).
181
Let p(n) = -3*n**2 - 239*n + 67. What is p(-80)?
-13
Let d(s) = s**3 - 43*s - 35. Give d(-6).
7
Let c(j) = j**2 - 140*j - 9992. What is c(-52)?
-8
Let u(w) = -30*w - 270. What is u(-4)?
-150
Let w(j) = -5*j**2 + 76*j + 234. Calculate w(-3).
-39
Let z(m) = -m**3 - 61*m - 9. What is z(0)?
-9
Let g(i) = i**3 + 26*i**2 - 35*i + 38. Calculate g(-27).
254
Let r(u) = 58*u - 419. Determine r(10).
161
Let o(j) = -387*j + 3873. Determine o(10).
3
Let m(c) = 21*c**2 - 168*c + 1. Determine m(8).
1
Let n(d) = -d**3 + 17*d**2 - 25*d - 24. What is n(15)?
51
Let q(x) = x**3 + 8*x**2 - 46*x - 295. Calculate q(-8).
73
Let j(l) = 8*l**3 + 31*l**2 - 10*l - 26. Calculate j(-4).
-2
Let y(m) = -338*m + 659. Calculate y(2).
-17
Let m(k) = -108*k - 209. Determine m(-2).
7
Let t(w) = 2*w**2 - 85*w - 22. Determine t(43).
21
Let d(k) = -4*k**2 + 417*k + 232. Calculate d(104).
336
Let t(f) = -2*f**2 + 91*f - 216. Calculate t(43).
-1
Let h(l) = -l**3 + 44*l**2 - 422*l + 32. Give h(14).
4
Let w(d) = -76*d + 4330. Calculate w(64).
-534
Let b(q) = -446*q + 5380. Determine b(12).
28
Let q(y) = -71*y - 897. Determine q(-15).
168
Let k(b) = -108*b - 7839. Determine k(-73).
45
Let f(q) = -q**3 + 5*q**2 + 129*q + 12. What is f(14)?
54
Let d(b) = -3*b**2 - 43*b - 10. What is d(-14)?
4
Let j(x) = -x**3 - 6*x**2 + 10*x + 14. What is j(-1)?
-1
Let u(z) = 155*z - 615. Calculate u(4).
5
Let i(o) = -36*o - 306. Calculate i(-4).
-162
Let q(t) = -4361*t + 34889. Calculate q(8).
1